t g be 1*-5 - ((0 - -7) + -16). Determine l(g).
28
Let q(g) = -g**2 - 3*g - 2. Suppose 4*i + 2*y + 14 = 0, 3*i - 6*i + 2*y - 21 = 0. Let m be (i + 0)*4/4. What is q(m)?
-12
Let w be (6 - (-160)/(-28)) + 2/(-7). Suppose w = -10*o - 76 + 6. Let z(b) = -b - 8. Determine z(o).
-1
Let y(b) = -7*b - 2. Let d(l) = 8*l + 3. Let u(x) = 6*d(x) + 7*y(x). Suppose -14*j + 40 = -4*j. Determine u(j).
0
Let n(m) = -m**3 + m**2 + 3*m + 2. Let x(w) = w**3 + w**2 + w + 5. Let r be x(0). Suppose 3*p - 14 = -u + 1, 0 = -r*p + 20. Determine n(u).
-7
Let n be -1*(-9)/(-3) + 37. Suppose 10 = -4*s + n. Let i(o) = o**3 - 7*o**2 + 5*o + 5. Give i(s).
-1
Suppose 10*r + 17 = 27*r. Let n(z) = -15*z + 2. Calculate n(r).
-13
Let w be (-5)/(10/(-4)) - 7. Let x(m) = -7*m - 3. Let o(y) = y + 1. Let f(z) = 3*z. Let q(b) = -f(b) - 3*o(b). Let d(u) = 6*q(u) - 5*x(u). Determine d(w).
2
Let n(u) = u + 1. Let w be n(-6). Let x = 1 - w. Suppose 0 = x*p - 3*p - 3. Let o(z) = -5*z**2 - z + 1. Determine o(p).
-5
Let u(q) = -q**3 - 2*q**2 + 5*q + 2. Suppose -4*c + 5*r = -57, -2*r = -2*c - r + 21. Let k be (1 + -3)*7/(-2) - 2. Suppose -k*z - c = 7. Determine u(z).
-4
Let w(a) = -25 + 3 + 28*a + 22. Give w(-1).
-28
Let l(x) = -x + 4. Let y be l(-4). Let v be (4/y)/(2/(-4)). Let m(b) be the third derivative of -7*b**6/120 + b**5/30 + b**4/12 + b**3/6 - b**2. Calculate m(v).
8
Let j(b) = 26*b**3 - 34*b**3 - b**2 + 16*b**3 + 2*b - 1. Suppose 5*n + 40 = -5*v, -4*n = -2*v + 3*v + 20. Let u(p) = p**2 + 4*p + 1. Let f be u(n). Give j(f).
8
Let d(x) = x**2 - 9*x + 1. Suppose -25 = -5*t + 5. What is d(t)?
-17
Let u(c) = c**3 + 2*c**2 - 5*c - 2. Let q(d) = 6*d**2 + 3*d + 2. Let l be q(-1). Suppose 2*y = 2*m + 12, -7 = -4*y + l. Determine u(m).
4
Suppose 0 = 3*j - 3*t + 9 + 3, 0 = j + 5*t + 16. Let q(v) = -3*v - 1. Let w(b) = 8*b + 3. Let x(z) = -5*q(z) - 2*w(z). What is x(j)?
5
Let t = -38 - -23. Let g = t + 9. Let k(f) = -4*f + 4*f - 4*f - f**2. What is k(g)?
-12
Let z(g) be the first derivative of 7*g**2/2 + 2*g + 65. Calculate z(-2).
-12
Let w(y) be the third derivative of -1/24*y**4 + 0*y + 5/3*y**3 - 54*y**2 + 0. Give w(0).
10
Let p(j) be the second derivative of -j**3/2 + j**2 + 2*j. Let b(w) = w**3 + 5*w**2 - 5*w + 1. Let k be b(-6). Let c be (12/15)/(k/25). Give p(c).
14
Let q = 681 - 683. Let k(o) = 3*o**2 + 5*o + 2. Give k(q).
4
Suppose -4*b = 3*i - 39, 8*i - 3*i - 7 = 3*b. Let y(r) = r**2 + 4*r + 4. Let m be y(-3). Let k(x) = 2*x**2 + m + 7*x - 7 - 3*x**2. Determine k(b).
0
Let w(f) = f + 19. Let j = 564 - 572. Determine w(j).
11
Let w(p) = -8*p - 1. Suppose -4*f + 10 = f. Suppose 0 = 5*o - 3*c - 24, -f = -5*o + 2*c + 19. Suppose o*l + 5 = 2. What is w(l)?
7
Let i(p) be the first derivative of -3/2*p**2 + 0*p - 10. Let o(s) = s + 6. Let v be o(-5). Give i(v).
-3
Let u(l) be the first derivative of -l**4/4 + 8*l**3/3 - 7*l**2/2 + 6*l - 2. Let q = -322 - -329. Determine u(q).
6
Let f(r) be the first derivative of r**2/2 - 4*r - 1. Let z be (-5 + 2 - -5)*1. Let u = z - -2. Determine f(u).
0
Let b(p) be the first derivative of -1/12*p**4 - 12 - p**2 + 0*p + 2/3*p**3. Let u(q) be the second derivative of b(q). Calculate u(3).
-2
Let o(f) = -f**3 + 10*f**2 - 11*f + 19. Let m be o(9). Let t(r) = -19*r - 1. What is t(m)?
-20
Let o = -22 - -28. Let i(s) = -6*s + 2*s + 3*s + o. Give i(3).
3
Let q(m) = -4*m**2 + 12*m. Let p(f) = 5*f**2 - 14*f. Let c(r) = -5*p(r) - 6*q(r). Let u be ((-12)/(-10))/(12/90). Let g be ((-2)/(-3))/((-3)/u). What is c(g)?
0
Suppose -2*u - 3*i = 25 + 2, -2*u = -i + 7. Let a(m) = -2*m**2 - 6*m + 3. Calculate a(u).
-33
Let t(b) be the third derivative of b**6/120 + 11*b**5/60 - b**4/12 + 5*b**3/3 - 161*b**2. Calculate t(-11).
32
Let x(t) = -5*t**3 - 2*t**2 + t - 2. Let z(n) = -6*n**2 + 35*n + 4. Let m be z(6). Give x(m).
28
Let m(i) be the second derivative of i**5/20 - 5*i**4/12 + i**3 - 2*i**2 - 4*i - 16. Suppose -4 + 0 = -j. Determine m(j).
4
Let n(t) = -2*t**3 + 2*t**2 + t. Let c(i) = 9*i**3 - 14*i + 10. Let r(b) = c(b) + 5*n(b). Give r(9).
10
Let h(t) = -2*t**3 - 19*t**2 + 9*t - 11. Let a be h(-10). Let p(o) = 5*o + 3. Determine p(a).
-2
Let z(g) = g**3 + 8*g**2 + 8*g + 3. Let a be z(-7). Let j(i) = -i**2 - 4*i - 4. Give j(a).
-4
Suppose 0 = 3*q + 13 + 17. Let l be q/(-20) - 9/(-2). Let u(k) be the first derivative of k**2/2 - 2*k + 2. Give u(l).
3
Let x be 0 - (-1 + 1) - (1 + 9). Let k(i) = -2*i - 5. Determine k(x).
15
Suppose 43*n = 55*n - 36. Let t(u) = 4*u**2 + 3*u**2 - 3 + u - 2*u**3 - 3*u**2. What is t(n)?
-18
Let l(z) be the third derivative of z**5/60 + 5*z**4/24 + z**3/2 + 264*z**2. Suppose -s = 2 + 2. Give l(s).
-1
Let m be -2 + 9 + -2 - 0. Let b(r) = -m*r**3 + 18*r**3 - 12*r**3 - 6*r + 4*r**2 - 4 + r. Calculate b(-5).
-4
Suppose -2*l + 11 = -f, -2 = -5*l + l - 2*f. Let c(q) = l*q - q + 1 - q**3 - 6*q - 6*q**2. Suppose 7*j - 4*j + 15 = 0. Determine c(j).
-4
Let r(n) = 2 + n**3 - 23*n**2 + 2*n - 24*n**2 + 45*n**2. Let g = 0 - -4. Suppose -2*h - h + 3*m + 6 = 0, 2*h - g = 3*m. Give r(h).
6
Let z(y) = -8435*y**2 - 3 + 8433*y**2 - y**3 + 2*y + 2 - 2. Determine z(0).
-3
Let h be ((0/2)/(-1))/(-1). Let k be 1/(-1) - (-13 + 0). Let g(o) = o**2 - 3*o**3 - k - 1 + 4*o**3 + 4. Determine g(h).
-9
Suppose -66*d = -56*d + 60. Let b(f) = f**3 + 6*f**2 - f - 1. Give b(d).
5
Let b(p) be the second derivative of 3/2*p**2 + 0 - 1/6*p**3 - 42*p. Let c be -1 - (20/(-2))/2. Give b(c).
-1
Let k(v) = 5*v - 9. Let n(h) = 3*h - 5. Let x = 13 - 6. Let l(r) = x*n(r) - 4*k(r). Let g = -2877 + 2873. What is l(g)?
-3
Suppose 0 = -11*p + 467 - 291. Let n(z) = -z**3 + 15*z**2 + 15*z + 23. Determine n(p).
7
Suppose 0 = 2*t - 5*r - 10, -3*r + 8 = 4*t - 12. Let k(l) = l + 0*l + 2 - 4. Let d be k(t). Let f(y) = -y - 3. Give f(d).
-6
Suppose -4*p = 3*o - 19, -p - 4*p = -2*o + 5. Suppose -o*j + 21 = -k, 2*j + 2*k - 6*k + 6 = 0. Let l(q) = -q + 8. Calculate l(j).
3
Let x(s) be the second derivative of -s**5/20 + s**4/2 - 7*s**3/6 - s**2 + 3*s. Let g be x(4). Let t(z) = 1 - 2*z**3 - g - 2*z - 4*z**2 - z. What is t(-2)?
5
Let r(l) be the third derivative of -l**4/12 - l**3/2 - l**2. Suppose -m = -j - 8, -2*j = m + m - 24. Suppose f = -f - m. Determine r(f).
7
Let y be (-10)/35 + (-2)/(-7). Let a(d) = d - 2 + 5 - 6 - 2*d**3 + 3*d**3. Calculate a(y).
-3
Let k = -154 + 153. Let t(l) = -6*l**3 + 6*l**2 + 7*l - 6. Let i(q) = 5*q**3 - 5*q**2 - 6*q + 5. Let x(j) = -7*i(j) - 6*t(j). Give x(k).
-1
Suppose -p + 3*p = 8. Let m be (-4 - (-8)/p) + 6/2. Let t(i) = 5*i**2 + i - 1. What is t(m)?
5
Let f be ((-42)/35)/(6/(-10)). Let c = 2 - 0. Let n(u) = -2 - 2 - 4*u**c - 2 + f*u + 2*u - u**3. What is n(-5)?
-1
Let j(x) be the third derivative of -x**6/120 - 7*x**5/60 - 5*x**4/24 - 5*x**3/6 + 147*x**2. What is j(-7)?
30
Let s(z) = -z. Let g(t) = -4*t - 2. Let b(f) = -g(f) + 6*s(f). Suppose 13 = 5*h + 3. Let j be h - (-1 + 2 + 3). Calculate b(j).
6
Let s(i) = 0 - 4*i + 0 - 2. Suppose 20*b - 912 + 872 = 0. Give s(b).
-10
Let z(d) be the second derivative of -19*d - 1/3*d**3 + 7/2*d**2 + 0. What is z(5)?
-3
Suppose -2*u = -14 + 24. Let h(p) = 2*p + 1. Let t(x) = 3*x + 1. Let i(d) = u*h(d) + 3*t(d). Determine i(3).
-5
Let j(p) = p**3 + 534 - 9*p**2 - 267 - 269. Give j(9).
-2
Let j(o) = 1 - 33*o**2 + 13*o**2 + 3*o + 19*o**2 - 4*o. Calculate j(-2).
-1
Let s(n) be the second derivative of -n**5/20 + 5*n**4/12 + 5*n**3/6 + n**2 + 10*n. Suppose 0 = 11*k - 3*k - 48. Determine s(k).
-4
Let z(a) = a**2 - a - 5. Let j(l) = -l**2 + 4. Let r = 45 - 39. Let v(p) = r*j(p) + 5*z(p). Calculate v(-5).
-1
Let s(p) be the second derivative of -p**7/420 + p**6/360 - p**5/30 + p**4/8 - 29*p**3/6 - 40*p. Let g(z) be the second derivative of s(z). Calculate g(2).
-17
Let d(f) = 3804*f**2 + f**3 - 3798*f**2 + 1 + 0*f**3. Determine d(-6).
1
Let x = -1 + 1. Let g(w) = w**3 - 4*w**2 + 2*w + 4. Let d(j) = 2*j**3 - 6*j**2 + 3*j + 2. Let l(s) = -2*d(s) + 3*g(s). Give l(x).
8
Suppose q - 2*m + 2 = 0, 3*m - 1 = 2*m. Let s(y) = y**2 + y - 11. Give s(q).
-11
Let a be 4 + (-25)/5 + 2. Suppose -s + 6 = a. Let f(g) = s*g - 2*g - 6 + 0*g + 2. Calculate f(3).
5
Let f(p) = -20*p**2 + 41*p - 26. Let l(o) = -7*o**2 + 14*o - 9. Let b(c) = -6*f(c) + 17*l(c). Suppose 6*g + 3 + 21 = 3*k, 3*k = -g + 24. What is b(k)?
3
Let u be 46/14 - (2 - (-12)/(-7)). Suppose 0*